01/3)/((-49)/(-294)). Suppose -1890 = -a*g + 797*g. Calculate the greatest common factor of 81 and g.
27
Suppose 0 = -17*g + 9153 - 3577. Calculate the greatest common factor of 1 and g.
1
Let o(u) = 155*u**2 + 1041*u + 4186. Let y be o(-4). Calculate the greatest common factor of y and 1390.
278
Let y = 1974 - 1954. Let l be 6 + -2 + 3 + -2. Calculate the greatest common factor of l and y.
5
Let q(c) be the third derivative of c**6/120 + 13*c**5/60 - c**4/24 + c**3/6 + 133*c**2. Let m be q(-6). Calculate the greatest common factor of 7 and m.
7
Let y be 1391/(3*((-2)/(-6))/1). What is the highest common factor of 13 and y?
13
Let o be -1*7 + 1 - 1. Let g be (-16)/2*o/14. Suppose 392 = -656*x + 670*x. What is the highest common factor of x and g?
4
Suppose -4*x - 4*f - 16 = 0, 0 = 4*x + 4*f - 7*f + 23. Let n be (44/(-55))/((-2)/x). Let y be (3/n)/((-3)/12). What is the highest common divisor of 18 and y?
6
Suppose 483*k - 673299 = 1523385. What is the greatest common divisor of 48 and k?
12
Let o(q) = -3*q**3 - 59*q**2 - 38*q + 68. Let n be o(-19). Let k = 6 + -2. Calculate the greatest common factor of n and k.
4
Suppose -18*s = -64*s + 230. Suppose 5*u + 4*y - 109 = 0, 65 + 19 = 4*u + 4*y. What is the greatest common divisor of s and u?
5
Let w(f) = f**3 - 2*f**2 - 19*f + 15. Let y be w(10). Let q be y/150 + (-5)/(-6). Let z = 192 + -77. What is the greatest common divisor of z and q?
5
Suppose -o - 157*q + 156*q + 704 = 0, 0 = -o + 4*q + 744. Calculate the highest common divisor of 89 and o.
89
Let z = -221 - -30. Let c = -68 - z. What is the greatest common factor of 82 and c?
41
Suppose 0 = 3*w - 3*k - 8763, -2*w = 8*k + 1641 - 7493. Calculate the greatest common divisor of w and 24.
6
Let u = 3199 - -3500. Calculate the greatest common factor of 261 and u.
87
Suppose 3*c = p - 27, 95 = -21*p + 25*p + c. Suppose 19 + 5 = j. Calculate the highest common divisor of j and p.
24
Let k be 33/((-2541)/44) - (-2282)/49. Calculate the highest common divisor of k and 11776.
46
Suppose 20*w - 3*j = 24*w - 272, -3*w + 4*j + 179 = 0. Calculate the highest common divisor of 10699 and w.
13
Let v = 26324 - 18303. Calculate the greatest common divisor of 91 and v.
13
Let h be -1 + 67 + 1 + (-7)/7. Suppose -2*w + 74 + h = -2*k, -4*k + 164 = 2*w. Calculate the greatest common factor of w and 111.
37
Let y(l) = -4*l**2 + 15*l**2 - 4*l - 3*l - 7*l**2. Let m be y(-2). What is the highest common divisor of 20 and m?
10
Suppose -2*i - 2*n - 142 = 0, 3*i - n + 206 = 3*n. Let p be (-224)/i + (1*2)/(-10). What is the highest common factor of 33 and p?
3
Suppose -34*t + 6*t + 38260 = 9252. Calculate the highest common divisor of 28 and t.
28
Suppose b + 0 = -1, 2*b = -5*q - 82. Let s be q/24*(-27)/3. Let c be (-2 - (-28)/s)*(-27)/(-12). What is the highest common factor of c and 96?
6
Suppose -4*p + 14*s + 140 = 10*s, -137 = -4*p + 3*s. What is the highest common factor of p and 736?
32
Let x be -102*(-6 - (-30)/(-9)). Let k(t) = t**2 - 8*t - 9. Let j be k(-5). Calculate the greatest common divisor of x and j.
56
Let q = 4499 - 4148. What is the greatest common factor of q and 819?
117
Suppose 0 = a + 4*n - 12, 15*a - 10*a + 4*n - 60 = 0. Let p = 48 - 16. Calculate the greatest common factor of p and a.
4
Suppose -2*u + 825 = 113. Let q = -344 + u. Calculate the greatest common divisor of q and 132.
12
Let g(d) = -d**2 - 13*d - 15. Let f be g(-11). Let t = 83 - 94. Let x = 25 + t. Calculate the highest common factor of f and x.
7
Suppose -5*w = 5, -4*q - 4*w = -q + 31. Let j be ((-24)/q)/(2 + 21/(-9)). Let n = 11 + j. Calculate the greatest common divisor of n and 6.
3
Let k be ((-29)/(-2)*-3)/(3/(-4)). Suppose 585 = k*y - 53*y. Calculate the greatest common divisor of y and 18.
9
Let s be (-5)/(30/21)*-4. Suppose -3*r + 3*d = 48, -3*r + 2*d - 6 = 38. Let k be (r/15)/((-1)/5). What is the greatest common factor of s and k?
2
Let c be -143*(12/(-24) + (-243)/18). Calculate the greatest common factor of c and 2730.
182
Let a be (-520)/(-7) + (-48)/168. Calculate the highest common divisor of 925 and a.
37
Suppose 0 = -41*n + 2159 + 16455. Let b = 1117 - n. What is the greatest common divisor of 39 and b?
39
Let t(v) = 3*v**2 - 33*v + 332. Let q be t(10). Suppose -14*j + q = -678. Calculate the greatest common divisor of 14 and j.
14
Let q be 0/(0/(-1) - 4). Suppose q = -2*v + 84 + 10. What is the greatest common divisor of v and 517?
47
Suppose -8049 - 61482 = -43*t. What is the greatest common factor of 1470 and t?
147
Let z = 3653 + -709. What is the highest common divisor of 23 and z?
23
Let r(u) = -21*u - 13. Let j be r(-8). Let d = -227 + j. Let q be 147/24 + 9/d. What is the greatest common factor of 66 and q?
6
Suppose -3*b + 29570 = y, 1 + 9 = 5*y. What is the highest common divisor of 77 and b?
77
Let a be (-4)/(-10) - (-34)/(-85). Suppose -3*d + 3 = -a. Let l be (d - (-10)/(-6))/(12/(-18)). Calculate the highest common divisor of 11 and l.
1
Let h(k) = k + 1. Let g be h(3). Let v be (-4)/(-3) - 250/(-150). Suppose 4*y + r - 79 = g*r, -3*r - v = 0. Calculate the highest common factor of 19 and y.
19
Let u(x) = 3*x**2 + 60*x - 242. Let k be u(4). Calculate the greatest common factor of k and 3818.
46
Suppose 0*s - 31160 = -23*s - 72*s. What is the greatest common factor of s and 21976?
328
Suppose 94*n - 151*n - 146*n + 3327779 = 0. What is the highest common factor of 338 and n?
169
Let l be 14 + (4 - 4) + 6/(-2). Let t(s) = 2*s**2 - 19*s + 22. Let z be t(l). Let x be (-22)/z + 524/10. Calculate the greatest common divisor of x and 4.
4
Let f = 470 - 468. Calculate the greatest common divisor of f and 3734.
2
Let a = 2148 + -1184. Let h = a - 768. What is the greatest common divisor of 147 and h?
49
Suppose 2*g - 1 = 3. Let h be 3 - (0/(-2))/g. Suppose l + 111 = 2*m - 105, 0 = -h*m + 3*l + 324. What is the highest common factor of 24 and m?
12
Let q = -279 + 210. Let l = q - -141. Calculate the greatest common divisor of 9 and l.
9
Let s(b) = b**2 + 88*b + 788. Let l be s(-10). Calculate the greatest common divisor of 11 and l.
1
Let l = -29912 - -31128. Calculate the highest common divisor of 256 and l.
64
Let v(i) be the third derivative of -i**6/120 + i**5/4 - 4*i**4/3 - 14*i**3/3 + 2*i**2 + 34. Let c be v(12). What is the greatest common divisor of 180 and c?
20
Suppose f - 758 = -515*n + 511*n, 768 = 4*n - 4*f. Calculate the greatest common factor of n and 10.
10
Suppose 19558*d + 12 = 19560*d. What is the greatest common divisor of 13680 and d?
6
Let h be ((-9)/(-4))/(5515/(-1380) + 12/3). Calculate the highest common factor of 276 and h.
69
Suppose -723 + 782 = 41*z - 515. What is the highest common divisor of z and 162?
2
Suppose j + 34 = a, j + 4*j = -4*a + 91. Let h be 3*2 + a + 7. What is the greatest common divisor of h and 252?
42
Suppose 0 = -o + c + 23, -3*o - c = o - 82. Let h be ((-477)/6)/((-3)/4). Suppose -64 = u - h. What is the greatest common divisor of o and u?
21
Suppose -14 = -t - f, -t - 6*f - 86 + 110 = 0. Let q(b) = b + 14. Let c be q(-8). What is the highest common factor of c and t?
6
Let f(d) be the third derivative of -d**6/120 + 13*d**5/60 - d**4/24 - d**3/3 - 25*d**2. Let k be f(10). What is the greatest common factor of 9 and k?
9
Let k = -10825 - -13925. What is the greatest common factor of k and 40?
20
Let j(p) = 2*p**3 + 35*p**2 - 87*p - 87. Let h be j(-18). Calculate the greatest common factor of h and 440.
55
Suppose -21*m + 77700 = 7*m. Calculate the greatest common factor of m and 333.
111
Suppose -173*z + 220647 = 71175. What is the highest common factor of 594 and z?
54
Let t be ((-12)/(-14))/(7/294). Let f be (-13)/((63/(-7))/t). Calculate the highest common divisor of f and 2.
2
Suppose -15*n - 72 = -6*n. Let b be (n/(-3) + -2)*(33 + -3). Calculate the greatest common divisor of 70 and b.
10
Let t(a) = a**3 + 11*a**2 - 30*a - 54. Let u be t(-11). Suppose -17*z + 132 = -6*z. What is the highest common divisor of z and u?
12
Let o = 279 + -275. Suppose 4*n + 407 = r - n, o*n = 0. What is the greatest common factor of 37 and r?
37
Let d(c) = -c**3 + c**2 + 82. Let t be d(0). Let o = t - -75. Let g = -43 + o. What is the highest common factor of 76 and g?
38
Suppose -125*l = -130*l + 3*r + 316, 0 = -3*l + r + 